906*b + 3775. Determine w(-12).
7
Let z(o) = 489*o - 129111. Calculate z(266).
963
Let n(x) = 7*x**2 - 468*x + 18. Calculate n(65).
-827
Let l(a) = -3*a**2 + 22076*a - 1226858. Calculate l(56).
-10
Let l(a) = a**3 + 111*a**2 + 3128*a + 4259. Determine l(-49).
-151
Let g(y) = -y**3 - 25*y**2 + 165*y - 232. Give g(-31).
419
Let n(l) = -l**2 - 321*l - 6306. Determine n(-21).
-6
Let i(r) = -2814*r - 444607. Calculate i(-158).
5
Let a(n) = 12465*n + 560931. Give a(-45).
6
Let z(w) = -3242*w + 230168. Give z(71).
-14
Let i(n) = -3*n**3 + 16*n**2 + 231*n - 2887. Determine i(14).
-4749
Let g(o) = 437901*o - 3065320. Determine g(7).
-13
Let k(v) = -7098*v - 525241. Determine k(-74).
11
Let m(o) = -4*o**2 + 218*o + 1849. Calculate m(63).
-293
Let w(x) = -x**2 + 3662*x - 766941. Give w(223).
-44
Let x(s) = -8895*s - 782744. Calculate x(-88).
16
Let n(t) = 25848*t + 2455565. What is n(-95)?
5
Let o(b) = 7*b**2 + 1686*b + 11832. Give o(-7).
373
Let w(f) = -f**3 - 31*f**2 + 541*f + 370. What is w(13)?
-33
Let o(g) = 487*g + 37441. Calculate o(-77).
-58
Let l(r) = -100334*r - 602015. Determine l(-6).
-11
Let k(i) = -i**3 + 159*i**2 + 645*i + 775. Give k(163).
-366
Let f(w) = 9*w**2 - 42*w - 582. Determine f(6).
-510
Let m(z) = 34*z**2 - 918*z - 240. Determine m(27).
-240
Let i(y) = -243*y**2 - 401*y + 399. Determine i(1).
-245
Let o(d) = 2551*d**2 + 38*d + 36. What is o(1)?
2625
Let r(x) = 4879*x + 4620411. Calculate r(-947).
-2
Let b(g) = 530*g**2 + 163240*g. Calculate b(-308).
0
Let k(p) = 6*p**3 - 4*p**2 - 129*p - 499. Determine k(-4).
-431
Let f(l) = -71*l**2 + 31452*l + 385. Determine f(443).
-58
Let i(a) = a**3 - 37*a**2 + 308*a - 7742. Give i(32).
-3006
Let n(p) = -7*p**2 - 525*p - 2209. What is n(-4)?
-221
Let d(q) = 2*q**3 + 50*q**2 + 4708. Calculate d(-28).
4
Let w(c) = -2*c**2 - 325*c - 9063. Calculate w(-119).
1290
Let f(g) = -4*g**2 + 89193*g - 89196. Calculate f(1).
-7
Let u(y) = -1693*y - 834643. What is u(-493)?
6
Let v(x) = -3*x**2 + 49*x + 7146. What is v(61)?
-1028
Let h(b) = b**2 - 52*b + 561. Determine h(14).
29
Let t(f) = -651*f - 10468. What is t(-16)?
-52
Let b(v) = 8*v**2 + 888*v - 1317. What is b(-115)?
2363
Let c(m) = 17638*m + 123525. Calculate c(-7).
59
Let g(c) = c**2 + 139*c - 1707. Give g(11).
-57
Let q(v) = -v**3 + 2*v**2 + 5*v + 168. Give q(9).
-354
Let q(l) = -6978*l + 14633. What is q(2)?
677
Let g(v) = -5956*v - 714730. Determine g(-120).
-10
Let p(k) = k**2 - 304*k - 10710. What is p(-32)?
42
Let v(c) = 2*c**3 - 24*c**2 - 61634*c + 431916. What is v(7)?
-12
Let g(j) = 2*j**3 - 141*j**2 - 203*j - 963. What is g(72)?
-27
Let h(z) = 3*z**3 - 168*z**2 + 2145*z + 60. Determine h(36).
-480
Let d(q) = -2*q**2 + 29219*q + 4308601. Give d(-146).
-5
Let f(k) = 1125*k - 1754. What is f(1)?
-629
Let y(v) = -v**2 - 91*v - 1765. Give y(-51).
275
Let r(m) = 2900*m + 57761. Give r(-20).
-239
Let w(u) = -u**3 - 81*u**2 + 2683*u + 3530. Determine w(-106).
32
Let r(d) = 2*d**3 + 9*d**2 + 23*d + 3. Calculate r(-5).
-137
Let r(i) = 719*i - 163959. What is r(228)?
-27
Let x(i) = -38926*i + 3308703. Determine x(85).
-7
Let k(a) = -5*a**3 - 74*a**2 - 8*a - 236. What is k(-15)?
109
Let r(l) = -3*l**2 + 15*l + 199. Determine r(-5).
49
Let r(c) = 42699*c + 85442. Calculate r(-2).
44
Let y(l) = -47*l**2 + 240*l + 1166. Calculate y(-5).
-1209
Let p(d) = -d**3 + 20*d**2 + 20*d + 364. Determine p(22).
-164
Let n(s) = 1035*s - 877. Calculate n(1).
158
Let b(k) = 312*k**2 + 387*k + 5. Calculate b(-1).
-70
Let w(h) = 4*h**2 + 346*h + 6165. Give w(-25).
15
Let d(q) = -14*q**2 + 220*q - 2217. Determine d(21).
-3771
Let g(m) = -18*m**2 + 1661*m - 34. What is g(92)?
426
Let t(f) = 50*f**2 - 574*f - 6. Determine t(5).
-1626
Let n(t) = -74*t**2 - 3603*t + 3580. Give n(1).
-97
Let o(j) = 178882*j - 4293176. What is o(24)?
-8
Let v(o) = -2347*o - 2385. Give v(-1).
-38
Let x(y) = -3830*y - 88078. Determine x(-23).
12
Let a(s) = 2*s**3 + 26*s**2 + 81*s + 51. Calculate a(-5).
46
Let p(t) = t**3 + 80*t**2 - 578*t - 285. Calculate p(-87).
-2982
Let q(g) = -431*g - 9782. Calculate q(-23).
131
Let a(f) = 244*f**2 + 7077*f + 64. Calculate a(-29).
35
Let l(t) = t**3 - 75*t**2 + 54*t - 6686. What is l(75)?
-2636
Let i(x) = 174*x**2 + 826*x + 231. Determine i(-4).
-289
Let p(v) = 46029*v + 690430. Determine p(-15).
-5
Let x(z) = -1373*z - 6900. Give x(-5).
-35
Let w(y) = -32784*y - 196677. Determine w(-6).
27
Let g(t) = -t**2 - 54237*t - 54233. Give g(-1).
3
Let x(c) = -c**2 - 316*c - 24883. Determine x(-168).
-19
Let n(z) = -z**3 - 10*z**2 - 215*z - 2568. What is n(-11)?
-82
Let g(o) = -109*o + 980. What is g(15)?
-655
Let m(f) = 2*f**3 + 21*f**2 - 329*f - 3424. What is m(-13)?
8
Let b(c) = -89636*c - 1165408. Calculate b(-13).
-140
Let i(l) = -80502*l + 1127065. What is i(14)?
37
Let z(k) = k**2 - 4234*k - 72189. Calculate z(-17).
78
Let u(r) = -582*r**3 - 24*r**2 - 109*r + 130. Determine u(1).
-585
Let t(o) = -369*o + 31183. What is t(85)?
-182
Let h(v) = 7*v**3 - 75*v**2 + 34*v - 1701. Determine h(12).
3
Let i(r) = -114*r + 29097. Calculate i(256).
-87
Let h(w) = -w**3 + 35*w**2 - 99*w - 64. Determine h(32).
-160
Let v(k) = -2*k**2 + 242*k - 5202. What is v(34)?
714
Let d(m) = -9*m**3 + 166*m**2 - 77*m + 338. Give d(18).
248
Let y(q) = -7*q**2 - 8373*q - 117558. Calculate y(-14).
-1708
Let h(w) = -649*w**3 - 8*w - 7. Give h(-1).
650
Let n(u) = 3*u**3 + 11*u**2 + 78*u - 335. Determine n(0).
-335
Let s(w) = w**2 - 1416*w - 28741. Calculate s(-20).
-21
Let h(f) = 168*f - 45918. Calculate h(272).
-222
Let l(o) = 640525*o - 47398857. Calculate l(74).
-7
Let p(g) = 2*g**3 + 273*g**2 - 1696*g - 36. Determine p(6).
48
Let c(a) = a**2 + 33001*a - 462200. Determine c(14).
10
Let l(w) = -22*w**2 - 887*w + 2615. Give l(3).
-244
Let h(g) = -346*g - 2708. Calculate h(-9).
406
Let d(o) = -o**3 - 42*o**2 + 88*o + 351. What is d(-44)?
351
Let o(x) = 1501*x + 1626. Calculate o(-2).
-1376
Let f(q) = 73*q**3 + 9*q**2 + 15*q + 2. Give f(-2).
-576
Let f(b) = 10*b**3 + 30*b**2 + 15*b + 78. Determine f(-4).
-142
Let v(s) = 87*s**2 + 10083*s - 1058. Determine v(-116).
-14
Let x(i) = i**3 + i**2 + 1182*i - 7345. Calculate x(6).
-1
Let v(m) = 7*m**2 - 2191*m + 41074. Calculate v(293).
54
Let w(b) = 1837*b + 47881. Give w(-26).
119
Let s(l) = -l**3 + 36*l**2 + 91*l - 2075. Determine s(7).
-17
Let o(i) = 63*i**2 + 85*i + 2. Determine o(1).
150
Let p(n) = 2*n**3 + n**2 - 7*n + 84. Calculate p(9).
1560
Let g(t) = 205*t**2 - 996*t + 29. Give g(5).
174
Let m(v) = 9*v**2 + 166*v + 1148. Calculate m(-7).
427
Let d(i) = -20520*i + 759297. Determine d(37).
57
Let r(i) = 53*i**2 + 1569*i - 156. Determine r(-30).
474
Let y(n) = -9349*n + 729195. Calculate y(78).
-27
Let p(r) = -13*r**3 + 4667*r**2 - 2*r + 753. What is p(359)?
35
Let p(n) = -2*n**2 + 1567*n + 72831. What is p(-44)?
11
Let w(f) = f**2 - 1435*f - 14504. Determine w(-10).
-54
Let m(q) = -q**3 + 646*q**2 + 19518*q - 1653. Give m(-29).
0
Let j(k) = -k**2 + 46*k + 1150. Give j(61).
235
Let s(k) = -128181*k + 128121. Calculate s(1).
-60
Let d(h) = 49*h**2 - 554*h + 7. What is d(11)?
-158
Let c(d) = d**3 + 310*d**2 + 921*d - 92735. Give c(-306).
-17
Let w(n) = 189685*n - 1327803. Give w(7).
-8
Let g(y) = 5250*y + 1312504. What is g(-250)?
4
Let p(s) = -62848*s + 188756. What is p(3)?
212
Let q(o) = o**3 - 45*o**2 + 483*o - 171. Give q(17).
-52
Let i(y) = -55460*y**2 + 110953*y - 7. What is i(2)?
59
Let i(n) = -43*n - 3478. Determine i(-83).
91
Let a(p) = 14095*p - 1367166. Give a(97).
49
Let n(h) = h**3 - 94*h**2 + 88*h + 465. Determine n(93).
0
Let q(h) = -923310*h - 12926351. Calculate q(-14).
-11
Let t(z) = -65*z + 7123. Give t(109).
38
Let b(u) = -u**3 + 61*u**2 + 576*u - 177. What is b(-13)?
4841
Let f(g) = -357*g**3 + 2505*g**2 - 19*g - 77. What is f(7)?
84
Let l(r) = -5*r**2 + 337*r + 1002. What is l(33)?
6678
Let w(u) = 438*u**2 - 81*u + 152. What is w(2)?
1742
Let h(o) = 2718*o - 26220. Give h(9).
-1758
Let v(j) = j**3 + 57*j**2 + 245*j + 1771. Determine v(-53).
22
Let f(a) = -323*a**2 - 2267*a - 29. Calculate f(-7).
13
Let w(j) = -17*j**3 - 981*j**2 - 1615*j + 509. Calculate w(-56).
5
Let p(b) = -4177*b + 58375. Determine p(14).
-103
Let g(l) = l**3 - 11*l**2 + 198*l - 2896. Calculate g(13).
16
Let r(l) = -45*l**2 + 2051*l - 8463. Cal